. What is b(-18)?
-67
Let a(b) = -345*b - 9652. Give a(-28).
8
Let d(o) = -26*o**3 + 7*o**2 + 10*o - 17. Calculate d(1).
-26
Let g(j) = -276*j**2 - 270*j - 1. Calculate g(-1).
-7
Let k(h) = -h**3 + 14*h**2 - 18*h - 4. Calculate k(8).
236
Let w(d) = -3*d**2 - 74*d - 634. What is w(-11)?
-183
Let o(p) = 53*p**2 - 1222*p + 64. Determine o(23).
-5
Let i(a) = -2*a**2 - 73*a + 628. What is i(11)?
-417
Let p(u) = 155*u - 1681. Calculate p(11).
24
Let b(v) = v**3 - 185*v**2 + 345*v + 3737. Calculate b(183).
-106
Let q(v) = 2*v**3 + 38*v**2 - 107*v - 1347. Determine q(-20).
-7
Let r(s) = -s**3 + 41*s**2 - 70*s + 1213. Calculate r(40).
13
Let g(h) = -20*h**3 - 2*h - 23. Calculate g(-3).
523
Let n(k) = k**2 + 14*k + 24. Give n(-6).
-24
Let z(g) = g**3 + 38*g**2 + 60*g - 440. Calculate z(-36).
-8
Let o(r) = 10*r**2 + 178*r - 542. Determine o(3).
82
Let x(n) = 29*n + 147. Calculate x(6).
321
Let d(g) = -387*g + 762. What is d(2)?
-12
Let b(f) = -f**3 + 40*f**2 - 169*f + 9. Determine b(6).
219
Let o(r) = 581*r - 8153. What is o(14)?
-19
Let h(n) = 12*n**3 + 580*n**2 + 194*n + 103. What is h(-48)?
7
Let f(a) = a**3 + 39*a**2 - 128*a - 105. What is f(-42)?
-21
Let o(a) = -a**3 - 9*a**2 + 1302*a + 12927. Give o(-10).
7
Let u(h) = -h**3 + 37*h**2 - 37*h + 32. Determine u(36).
-4
Let g(u) = 3*u + 106. What is g(-7)?
85
Let m(s) = -s**3 + s**2 + 15*s + 65. Determine m(-6).
227
Let u(k) = -1480*k + 23667. Give u(16).
-13
Let v(u) = -70*u + 486. Give v(7).
-4
Let b(u) = -4*u**2 + 4*u + 15. What is b(-2)?
-9
Let l(b) = -b**3 - 19*b**2 + 25*b + 92. Give l(-20).
-8
Let f(q) = 458*q + 481. What is f(-1)?
23
Let j(d) = 10*d**3 - 4*d**2 + 20*d - 17. Determine j(1).
9
Let n(k) = -15*k - 125. Give n(-9).
10
Let a(j) = 5*j**3 + 52*j**2 - 32*j + 24. What is a(-11)?
13
Let w(m) = -714*m - 1272. Determine w(-2).
156
Let a(y) = -y**3 + 28*y**2 + 229*y - 5790. Determine a(29).
10
Let z(d) = -27*d - 285. Determine z(-12).
39
Let l(i) = -i**3 - 60*i**2 - 56*i - 137. What is l(-59)?
-314
Let s(z) = -11186*z - 78313. Calculate s(-7).
-11
Let v(q) = q**3 - 8*q**2 + 28*q - 29. Calculate v(6).
67
Let v(f) = 254*f - 775. Give v(3).
-13
Let f(l) = -167*l + 1197. Give f(7).
28
Let q(x) = x**2 - 204*x - 7827. Determine q(-33).
-6
Let l(o) = -o**2 - 97*o + 698. What is l(7)?
-30
Let v(o) = -o**2 - 64*o - 24. What is v(-50)?
676
Let d(t) = -244*t + 20. Calculate d(0).
20
Let h(z) = -z**3 - 35*z**2 - 35*z - 9. Calculate h(-34).
25
Let y(q) = q**3 + 199*q**2 + 341*q - 10439. Determine y(-197).
2
Let s(t) = 77*t + 3889. Determine s(-52).
-115
Let l(b) = -b**3 + 101*b**2 + 1113*b - 327. Determine l(111).
6
Let u(f) = -f**3 + 7*f + 267. Determine u(0).
267
Let t(l) = -l**3 - 20*l**2 + 12*l - 1315. Determine t(-23).
-4
Let y(l) = 18*l + 297. Determine y(22).
693
Let f(l) = l**2 - 39*l - 60. Determine f(41).
22
Let i(f) = -353*f + 631. What is i(2)?
-75
Let z(v) = 4*v**2 - 5*v - 21. Determine z(8).
195
Let p(d) = d**3 - 11*d**2 + 22*d - 23. Determine p(11).
219
Let c(s) = 27*s + 5257. Calculate c(-195).
-8
Let y(b) = 4*b**2 - 20*b - 78. What is y(10)?
122
Let f(k) = k**2 + 16*k - 103. Calculate f(-20).
-23
Let a(k) = 5*k**2 + 6*k - 84. Give a(9).
375
Let o(s) = s**3 - 17*s**2 + 20*s + 25. What is o(15)?
-125
Let j(m) = -m**2 + 552*m - 2727. What is j(5)?
8
Let f(a) = 4*a**2 - 6*a - 13. Give f(0).
-13
Let x(b) = b**3 - 24*b**2 - 54*b + 35. Give x(26).
-17
Let r(t) = -2*t**3 - 44*t**2 - 43*t - 38. What is r(-21)?
-17
Let x(i) = 7*i**3 + 57*i**2 - i - 17. Calculate x(-8).
55
Let y(h) = 3*h**2 + 134*h + 68. Give y(-45).
113
Let h(i) = -i**3 - 13*i**2 + 52*i + 82. Determine h(-16).
18
Let p(d) = d**3 + 36*d**2 - 12*d - 202. What is p(-37)?
-1127
Let m(d) = -411*d - 36. Determine m(-1).
375
Let p(h) = 2*h**2 + 52*h - 300. Calculate p(-28).
-188
Let k(a) = 2442*a - 17088. Determine k(7).
6
Let w(i) = 186*i - 744. What is w(4)?
0
Let n(u) = -48*u + 56. Calculate n(-5).
296
Let k(l) = l**3 + 37*l**2 + 34*l + 35. Calculate k(-36).
107
Let z(b) = 2*b**2 - 22*b - 764. What is z(26)?
16
Let d(l) = 2*l - 120. What is d(24)?
-72
Let b(u) = 3*u**3 + 51*u**2 - 167*u - 17. Determine b(3).
22
Let j(t) = 31*t**3 + 3*t**2 - 15*t - 39. What is j(-2)?
-245
Let g(q) = 173*q - 2768. What is g(16)?
0
Let g(h) = -h**3 + 16*h**2 - 56*h - 1. What is g(12)?
-97
Let t(s) = s**3 + 2*s**2 + 8*s. Determine t(-8).
-448
Let t(w) = -w**2 - 9*w + 2114. Determine t(42).
-28
Let x(n) = -6*n**2 - 27*n + 87. Give x(3).
-48
Let j(f) = -108*f**3 - f**2 - 3*f - 2. Determine j(-1).
108
Let r(y) = 23*y - 17. Calculate r(2).
29
Let k(h) = 11*h + 192. Give k(-6).
126
Let f(i) = 40*i**3 + 6*i**2 - 7*i - 58. Determine f(-3).
-1063
Let f(s) = -3*s - 11. What is f(2)?
-17
Let j(a) = -a**2 - 9*a + 20. Calculate j(11).
-200
Let n(j) = 39*j**2 - 56*j + 58. Calculate n(1).
41
Let a(r) = r**2 + 28*r + 140. Determine a(-24).
44
Let v(y) = 63*y - 1398. Calculate v(21).
-75
Let u(j) = -2*j**2 + 115*j - 114. What is u(1)?
-1
Let k(m) = 5601*m - 21. Calculate k(0).
-21
Let o(d) = -57*d - 618. Determine o(-10).
-48
Let r(t) = -t**3 - 47*t**2 + 51*t - 152. What is r(-48)?
-296
Let k(o) = o**3 - 41*o**2 - 101*o + 736. Determine k(43).
91
Let s(q) = -2*q**3 - 174*q**2 - 167*q - 168. Calculate s(-86).
-598
Let w(x) = 16*x**2 - 1318*x + 500. Determine w(82).
8
Let f(g) = g**3 + 3*g**2 - 3*g - 19. Determine f(-4).
-23
Let q(g) = 53*g + 47. What is q(5)?
312
Let q(s) = s**2 + 199*s - 9530. Give q(40).
30
Let d(r) = 9*r - 35. Calculate d(10).
55
Let c(w) = -2*w**2 - 41*w - 59. What is c(-23)?
-174
Let y(i) = -i**3 + 36*i**2 + 164*i - 167. Give y(40).
-7
Let l(f) = -f**3 + 48*f**2 + 1541*f - 64. Give l(70).
6
Let x(d) = 153*d - 122. Determine x(1).
31
Let k(l) = -234*l - 12865. What is k(-55)?
5
Let i(n) = -75*n**3 - n**2 - 8*n + 8. What is i(1)?
-76
Let m(w) = 67*w + 26. Determine m(1).
93
Let s(j) = -j**2 - 433*j + 6. Calculate s(0).
6
Let s(g) = 3*g**2 + 690*g + 1369. Determine s(-2).
1
Let a(r) = 64*r + 892. What is a(-14)?
-4
Let w(k) = k**2 + 37*k - 1371. What is w(23)?
9
Let a(p) = -710*p - 4255. Give a(-6).
5
Let v(i) = -i**2 + 6*i + 45. What is v(-4)?
5
Let w(i) = -i**3 - 3*i**2 + 16*i + 54. Give w(-3).
6
Let t(s) = s**3 + 7*s**2 + 8*s + 102. Give t(-8).
-26
Let h(f) = 613*f - 66821. What is h(109)?
-4
Let x(w) = 3*w**3 + 66*w**2 + 49*w - 329. Give x(-21).
-35
Let z(p) = 67*p - 671. Determine z(7).
-202
Let q(w) = -2*w**3 + 18*w**2 + 9*w - 53. What is q(10)?
-163
Let i(l) = 160*l + 17862. What is i(-112)?
-58
Let j(s) = -s**2 + 7*s + 512. Calculate j(-19).
18
Let i(c) = -2*c**3 + 15*c**2 - 11*c - 11. Calculate i(6).
31
Let h(s) = s**3 + 9*s**2 - 2*s - 19. Calculate h(-8).
61
Let x(c) = 67*c - 141. Calculate x(2).
-7
Let t(k) = -3*k**2 + 2*k + 69. Give t(-5).
-16
Let b(n) = -38*n + 1439. What is b(39)?
-43
Let a(u) = -3*u**3 - 70*u**2 - 9*u + 42. Calculate a(-23).
-280
Let k(b) = -3526*b - 204514. What is k(-58)?
-6
Let g(x) = 579*x + 5195. Determine g(-9).
-16
Let a(f) = -f**2 - 43*f - 116. Determine a(-26).
326
Let o(t) = -t**2 - 58*t - 396. Determine o(-49).
45
Let d(l) = l**2 - 40*l - 244. What is d(-6)?
32
Let z(g) = -g**2 + 74*g - 533. What is z(8)?
-5
Let m(w) = -2682*w + 115337. Give m(43).
11
Let z(h) = h**3 + 23*h**2 + 101*h + 49. Determine z(-5).
-6
Let c(d) = -224*d. What is c(-2)?
448
Let m(l) = -19*l**3 - 7*l**2 - 29*l - 23. Give m(-1).
18
Let r(o) = -o**3 + 9*o**2 - 17*o + 17. Give r(5).
32
Let l(n) = -33*n + 884. Give l(26).
26
Let q(n) = -5*n**2 - 187*n - 11. Calculate q(-37).
63
Let t(j) = 106*j - 4324. Give t(42).
128
Let y(x) = 8*x**3 + 567*x**2 - 75*x - 281. Determine y(-71).
3
Let p(j) = -8*j**2 - 8. Determine p(-3).
-80
Let x(j) = 136*j**2 + 409*j - 16. Calculate x(-3).
-19
Let v(r) = r**3 - 7*r**2 + 21*r - 131. Calculate v(6).
-41
Let k(t) = -131*t + 2480. What is k(19)?
-9
Let b(p) = 91*p + 2676. Give b(-29).
37
Let a(v) = -8*v + 127. Give a(14).
15
Let j(o) = 16*o + 783. Determine j(-53).
-65
Let l(k) = -k**3 + 11*k**2 - 26*k + 18. What is l(7)?
32
Let h(r) = -9*r**3 - 93*r**2 - 28*r + 45. Determine h(-10).
25
Let x(b) = 91*b - 100. What is x(7)?
537
Let k(w) = w**3 + 13*w**2 + 32*w - 29. What is k(-9)?
7
Let a(u) = 9*u - 71. Calculate a(7).
-8
Let y(j) = 2*j + 52. Determine y(11).
74
Let c(o) = -757*o + 34055. Determine c(45).
-10